n ((-2)/(-3))/(-16 - (-3146)/195)*593 is divided by 26.
1
Let g = 20730 + -20344. What is the remainder when g is divided by 87?
38
Calculate the remainder when 15159/12 + 9/((-360)/370) + 9 is divided by 25.
13
Let z = 32 - 19. Calculate the remainder when z is divided by 40/(-20) - (-10 - -1) - 4.
1
Let k be (-3)/(7/((-28)/(-3))) - -582. Let v = k + -488. Calculate the remainder when v is divided by 16.
10
Suppose -16290*u = -16259*u - 18569. Calculate the remainder when u is divided by 180.
59
Let x be -8*(-16)/6*9/2. Let o = 100 - x. What is the remainder when 30 is divided by o?
2
Suppose 2*l + 0*i - 4 = i, -l = 4*i - 20. What is the remainder when 169 is divided by 21 - (l - (1 + 1))?
17
Suppose -181*p = t - 179*p - 467, -3 = 3*p. What is the remainder when 1902 is divided by t?
26
Let f = 5121 - 4937. Calculate the remainder when 24102 is divided by f.
182
Let i = -184 - -316. Suppose 464*q - 153 = 447*q. Calculate the remainder when i is divided by q.
6
Suppose 5*q + k = -23 - 20, 4*k + 12 = 0. Calculate the remainder when ((-213)/q)/((-27)/(-216)) is divided by 12.
9
Let p = 31 + 46. Let l = p - 67. Calculate the remainder when 40 is divided by l.
0
Let d(t) = 2*t + 2*t - 9*t + 4 + 3*t. Suppose -313*m = -321*m + 312. Calculate the remainder when m is divided by d(-5).
11
Let o = -2 - 0. Let a(p) = -33*p - 3*p**2 - 4*p**2 + 20*p + 20*p**2 + 10*p. Calculate the remainder when a(o) is divided by 10.
8
Let g be 4/8 - 22/4. Suppose o + 29 = 5*d, -5*o = -21*d + 25*d. What is the remainder when (28/(-10))/1*g is divided by d?
4
Calculate the remainder when 342 is divided by ((-5610)/77)/(39/(-91)).
2
Suppose 151*u + 5092 = 2*l + 149*u, -10226 = -4*l - 2*u. What is the remainder when l is divided by 36?
33
Suppose -3*k - 13 = -2*o + 5, -4*o + 2*k = -52. Let h(w) = 948*w - 9422. Calculate the remainder when h(10) is divided by o.
13
Suppose 154 = 5*v + 2*a - 288, 0 = 2*v + 6*a - 156. Suppose b - 32 = -b - 3*w, -4*b = w - 74. What is the remainder when v is divided by b?
14
Let k(f) = -3 - 1 + f - f**2 + 8*f + 3. What is the remainder when k(8) is divided by -9 + (-3 - (-7 - -3) - -11)?
1
Let w = 192 + -160. Calculate the remainder when 88 is divided by (168/w)/(9/12).
4
Let i(y) = -1395*y - 3963. What is the remainder when 1995 is divided by i(-3)?
219
Let p(c) = -7*c - 3. Calculate the remainder when (-82670)/(-1181) + (5*6)/(-2) is divided by p(-3).
1
Let p(i) be the first derivative of -i**3/3 - 9*i**2/2 - 5*i - 12. Let j be p(-8). Suppose 24 + 24 = j*l. What is the remainder when 60 is divided by l?
12
Suppose 4 = -h + 21. Suppose 0 = 5*g - 20, 5*w - 11*g + 13*g = 223. Calculate the remainder when w is divided by h.
9
Let d = -745 - -751. Calculate the remainder when 200 is divided by (-226)/(-5) + d - (-8)/10.
44
Let q(m) = -21*m**2 - m + 2. Let b be q(1). Let y = -1 - b. Calculate the remainder when (0 - (-8)/(-20))*-235 is divided by y.
18
Suppose -21 = -7*t - 49. What is the remainder when 9/(-6) + (-98)/t is divided by 9?
5
Let g = -5299 + 5321. Suppose 2*q - 4*q + 132 = 2*a, -q - 60 = -a. Calculate the remainder when a is divided by g.
19
Suppose -27*c + 2*u = -28*c + 42, 5*c = -2*u + 242. What is the remainder when 10/(-4)*(-596)/5 is divided by c?
48
Let f be (-4)/2*(2 + (-27)/6). Suppose -b - f = -12. Calculate the remainder when 54 is divided by b.
5
Suppose -149*u - 168 = -153*u. Suppose -3*q - q - 1200 = 0. Let m = q + 549. Calculate the remainder when m is divided by u.
39
Let o(l) = -l**3 - 4*l**2 + 135*l - 296. Let g = -7 - -11. Calculate the remainder when 10/3*90/g is divided by o(8).
11
Let g = -523 - -802. Let c = g + -256. Calculate the remainder when 36 is divided by c.
13
Let g(d) = d**3 - d**2 - 15*d + 44. Let u be g(7). Let a = -174 + u. Calculate the remainder when a is divided by 30/1 + -2 + 2.
29
Let o = -85 + 90. Suppose -4*p + 64 = -3*k + o*k, -16 = -p + 3*k. What is the remainder when 157 is divided by p?
13
Let o = 97 - 199. Let l = 136 + o. Calculate the remainder when 101 is divided by l.
33
Let c = 223 - 153. Suppose -4*p + 318 - c = 0. Calculate the remainder when p is divided by 16.
14
Suppose 3*f = 54 + 78. Let u(i) = i**3 + 51*i**2 - 8*i - 2771. Calculate the remainder when u(-50) is divided by f.
41
Suppose -13*q = -8*q - 1525. Suppose -q = 12*y - 17*y - 4*i, 3*y = -3*i + 183. Calculate the remainder when y is divided by 41.
20
Let s(k) = 3*k**2 + 145*k - 225. What is the remainder when 397 is divided by s(-50)?
22
Suppose 14*a = -10*a + 456. Suppose 2391 = -16*q + a*q. What is the remainder when q is divided by 47?
45
Let z = 1099 + -188. What is the remainder when z is divided by 42?
29
Suppose 4*i = g + 2*i - 40, -i = -2*g + 65. What is the remainder when (-996)/(-14) + -29*25/5075 is divided by g?
11
Let w(n) = 2*n + 13. Let x be w(-4). Suppose 0 = -2*l - 2*g + 64, -88 + 248 = x*l - g. Suppose 28*p = l*p - 8. What is the remainder when 7 is divided by p?
1
Let z = -13375 - -13536. What is the remainder when z is divided by 34?
25
Suppose 20*n = 1671 - 471. Calculate the remainder when n is divided by 19 + 16/4 + (-3)/3.
16
Let c = -9864 + 10435. What is the remainder when c is divided by 74?
53
Suppose 2*i + 4*m = -0*i + 130, 260 = 4*i + 3*m. Let t(g) = -38*g**3 - 3079*g**2 - 83*g - 143. What is the remainder when i is divided by t(-81)?
8
Let w(z) be the third derivative of 14*z**5/15 - z**4/12 + z**3/6 + 5*z**2. Calculate the remainder when w(1) is divided by (4/6)/(-2)*-57.
17
Calculate the remainder when 154 is divided by 705/47*(108/20 + 0).
73
Suppose i + n = -i + 139, 4*i - 2*n = 258. Let m(j) = 8*j**2 + 9*j + 4. Calculate the remainder when i is divided by m(-2).
13
Suppose 0 = 16*a + 8946 - 47650. Calculate the remainder when a is divided by 14.
11
Suppose 24*f - 1175 - 638 = -13*f. Let t be (0 - 0)*2/(-4). Suppose t = -4*o + 52 + 16. What is the remainder when f is divided by o?
15
Suppose k = 0, 5*z + 2*k - k - 200 = 0. Suppose -1070 = 31*q - 5038. Suppose -8*b - z + q = 0. Calculate the remainder when 29 is divided by b.
7
Calculate the remainder when 976 is divided by ((9/(-14))/((-66)/12551))/(24/32).
161
Suppose 136 + 4 = u - 5*b, 3*b = -2*u + 267. Suppose -7*q = 2*q + u. What is the remainder when ((-66)/q + -2)*(-30)/(-4) is divided by 5?
3
Suppose -d + 15 = 5*k - 3*d, 3*k - 5*d = 9. Suppose 8*h = 4*h + r + 65, k*h = 5*r + 70. Calculate the remainder when 103 is divided by h.
13
Suppose -4 = 2*q - 0*o + 4*o, -2*q - 13 = -5*o. What is the remainder when 9/((1 + q)/(-33)) is divided by 25?
24
Let y(k) = k**3 + 7*k**2 - 42*k + 26. Calculate the remainder when 209 is divided by y(5).
93
Suppose 20*g + 78 = 18*g. Let n = g + 52. Suppose -9*r = -m - 7*r + 24, m - 26 = 4*r. What is the remainder when m is divided by n?
9
Suppose -83 = 9*y - 758. Calculate the remainder when y is divided by -2*(78/12 + -6) - -22.
12
Suppose -9*k = -12*k. Let g = k - -6. Suppose 3*d - 4*z - 356 = 0, -3*d + g*d + 3*z - 384 = 0. What is the remainder when d is divided by 21?
19
Suppose -4*o + 275 = -q, o - q + 128 = 199. Calculate the remainder when o is divided by 14.
12
Let k = -9 - 31. Let r = k - -1013. Suppose 6*u = -u + r. Calculate the remainder when u is divided by 35.
34
Let w(q) = q**3 + 6*q**2 + q - 7. Let x = -30 - -25. What is the remainder when w(x) is divided by 4?
1
Let z be (-18)/33 - 127/(-11). Let i = 5 + z. Calculate the remainder when 110 is divided by i.
14
Let i = 1 - 18. Let m(a) = 2*a**2 - 13*a + 19. Let c(f) = -3*f**2 + 27*f - 39. Let l(n) = -3*c(n) - 5*m(n). Calculate the remainder when 7 is divided by l(i).
2
Let x(a) = -510*a + 3711. Calculate the remainder when 969 is divided by x(7).
123
Suppose -18*g = -25*g + 1946. Suppose 0 = -4*u + 5*b + 595, 2*u + 6*b - 2*b - g = 0. What is the remainder when u is divided by 37?
34
Suppose 0 = -4*b - 5*p + 17, p - 226 + 233 = 0. Calculate the remainder when 5037 is divided by b.
6
Let d be 1/2 + ((-175)/(-10) - 2). Suppose -13*h + d*h - 483 = 5*w, -4*h = 2*w - 644. What is the remainder when h is divided by 55?
51
Let g = 41416 - 41382. Calculate the remainder when 2 + (-1)/1 + 201 is divided by g.
32
Suppose -2*o - 3*h = -5 - 4, -2*o - 2*h + 8 = 0. What is the remainder when 207 is divided by (-4)/6 + (-1)/(o/(-92))?
27
Let c(x) = 8*